{"id":614,"date":"2020-11-12T22:23:27","date_gmt":"2020-11-12T22:23:27","guid":{"rendered":"http:\/\/meteosadevesa.cat\/?page_id=614"},"modified":"2023-07-17T17:17:31","modified_gmt":"2023-07-17T17:17:31","slug":"on-som","status":"publish","type":"page","link":"http:\/\/meteosadevesa.cat\/index.php\/on-som\/","title":{"rendered":"ON SOM?"},"content":{"rendered":"<p>Sant Mart\u00ed Sadevesa est\u00e0 dins el terme municipal de Torrelavit a 265 metres d&#8217;al\u00e7ada<\/p>\n<p>&nbsp;<\/p>\n<div class=\"mapouter\">\n<div class=\"gmap_canvas\"><iframe loading=\"lazy\" id=\"gmap_canvas\" src=\"https:\/\/maps.google.com\/maps?q=sant%20marti%20sadevesa&amp;t=&amp;z=13&amp;ie=UTF8&amp;iwloc=&amp;output=embed\" width=\"600\" height=\"500\" frameborder=\"0\" marginwidth=\"0\" marginheight=\"0\" scrolling=\"no\"><\/iframe><\/div>\n<style>.mapouter{position:relative;text-align:right;height:500px;width:600px;}.gmap_canvas {overflow:hidden;background:none!important;height:500px;width:600px;}<\/style>\n<\/div>\n<p>&nbsp;<\/p>\n","protected":false},"excerpt":{"rendered":"<p>Sant Mart\u00ed Sadevesa est\u00e0 dins el terme municipal de Torrelavit a 265 metres d&#8217;al\u00e7ada &nbsp; &nbsp;<\/p>\n","protected":false},"author":1,"featured_media":0,"parent":0,"menu_order":0,"comment_status":"closed","ping_status":"closed","template":"","meta":[],"_links":{"self":[{"href":"http:\/\/meteosadevesa.cat\/index.php\/wp-json\/wp\/v2\/pages\/614"}],"collection":[{"href":"http:\/\/meteosadevesa.cat\/index.php\/wp-json\/wp\/v2\/pages"}],"about":[{"href":"http:\/\/meteosadevesa.cat\/index.php\/wp-json\/wp\/v2\/types\/page"}],"author":[{"embeddable":true,"href":"http:\/\/meteosadevesa.cat\/index.php\/wp-json\/wp\/v2\/users\/1"}],"replies":[{"embeddable":true,"href":"http:\/\/meteosadevesa.cat\/index.php\/wp-json\/wp\/v2\/comments?post=614"}],"version-history":[{"count":7,"href":"http:\/\/meteosadevesa.cat\/index.php\/wp-json\/wp\/v2\/pages\/614\/revisions"}],"predecessor-version":[{"id":847,"href":"http:\/\/meteosadevesa.cat\/index.php\/wp-json\/wp\/v2\/pages\/614\/revisions\/847"}],"wp:attachment":[{"href":"http:\/\/meteosadevesa.cat\/index.php\/wp-json\/wp\/v2\/media?parent=614"}],"curies":[{"name":"wp","href":"https:\/\/api.w.org\/{rel}","templated":true}]}}

<p>Sant Martí Sadevesa està dins el terme municipal de Torrelavit a 265 metres d&#8217;alçada</p>
<p>&nbsp;</p>
<div class="mapouter">
<div class="gmap_canvas"><iframe loading="lazy" id="gmap_canvas" src="https://maps.google.com/maps?q=sant%20marti%20sadevesa&amp;t=&amp;z=13&amp;ie=UTF8&amp;iwloc=&amp;output=embed" width="600" height="500" frameborder="0" marginwidth="0" marginheight="0" scrolling="no"></iframe></div>
<style>.mapouter{position:relative;text-align:right;height:500px;width:600px;}.gmap_canvas {overflow:hidden;background:none!important;height:500px;width:600px;}</style>
</div>
<p>&nbsp;</p>

<p>Sant Martí Sadevesa està dins el terme municipal de Torrelavit a 265 metres d&#8217;alçada &nbsp; &nbsp;</p>
